e?
True
Is 8622975061 composite?
False
Is 1343042957 composite?
False
Is 2800886471 prime?
False
Is 891557467 a prime number?
False
Is 36322738 composite?
True
Is 22591679243 a composite number?
True
Is 30668454329 a composite number?
False
Is 48850636013 composite?
True
Is 1459508403 a prime number?
False
Is 5989518011 a prime number?
False
Is 3807772147 prime?
False
Is 701932663 prime?
False
Is 7867164999 a prime number?
False
Is 7295972699 a composite number?
False
Is 21768624697 prime?
False
Is 1653055801 a prime number?
True
Is 7415268869 prime?
False
Is 504620287 a prime number?
False
Is 37349806459 prime?
False
Is 1508387989 a composite number?
False
Is 1630877203 composite?
True
Is 415768519 prime?
False
Is 27973957093 a composite number?
False
Is 7745108843 composite?
True
Is 751242211 a prime number?
False
Is 42821985043 a prime number?
True
Is 554368571 a prime number?
True
Is 6708513503 a prime number?
True
Is 51822989243 a composite number?
False
Is 10252809181 a composite number?
False
Is 4300666589 prime?
False
Is 45814421 prime?
False
Is 32118877 prime?
False
Is 28667047 composite?
True
Is 5186235377 composite?
False
Is 6969387889 a composite number?
False
Is 2874379957 prime?
True
Is 915950237 prime?
True
Is 360871152755 a composite number?
True
Is 33359941031 prime?
False
Is 12061701601 prime?
True
Is 14139417287 a prime number?
False
Is 712553509 a prime number?
False
Is 54975008219 a prime number?
False
Is 11205044213 composite?
True
Is 23305918 composite?
True
Is 40545133 a prime number?
False
Is 2008274377 composite?
False
Is 20026305083 a prime number?
False
Is 38058470869 a composite number?
True
Is 1356669079 a prime number?
True
Is 2227853011 a composite number?
False
Is 297364979 a prime number?
True
Is 324690143983 a composite number?
True
Is 3846713578 composite?
True
Is 121331627 a prime number?
True
Is 935819501 prime?
True
Is 179855947 a composite number?
False
Is 45598476493 composite?
False
Is 29689210765 a composite number?
True
Is 250457885 composite?
True
Is 1334758729 composite?
False
Is 3278422177 prime?
False
Is 4662497399 prime?
False
Is 17560591 composite?
False
Is 11935097287 prime?
True
Is 31061504365 a composite number?
True
Is 396829913231 a composite number?
False
Is 27185599393 a prime number?
False
Is 207431489 composite?
False
Is 24554952637 prime?
True
Is 315246961 prime?
False
Is 10183450561 a prime number?
True
Is 5131110143 composite?
True
Is 34684751113 a prime number?
False
Is 74733770989 a composite number?
False
Is 11104785829 composite?
False
Is 857582273 a prime number?
False
Is 2395068917 prime?
False
Is 1874233529 a composite number?
True
Is 286183663 prime?
True
Is 1873110437 a prime number?
False
Is 8380796399 composite?
True
Is 634571879 a prime number?
False
Is 40516481 a composite number?
False
Is 19450091099 a composite number?
True
Is 16709836111 a composite number?
True
Is 4924757833 a prime number?
True
Is 1502844127 composite?
True
Is 756274459 composite?
True
Is 4377059053 composite?
True
Is 4817695331 a prime number?
False
Is 1979188733 prime?
True
Is 400868501 composite?
True
Is 39510735571 composite?
False
Is 1033550857 a composite number?
True
Is 4427687555 prime?
False
Is 2314379701 composite?
False
Is 89865824899 composite?
False
Is 348736499 composite?
False
Is 401006299 composite?
False
Is 2012431849 composite?
False
Is 1045237817 composite?
True
Is 10549650677 prime?
True
Is 11692015303 composite?
False
Is 100384667233 prime?
True
Is 11141304989 prime?
True
Is 5727052033 composite?
False
Is 6211029079 a composite number?
True
Is 225451519 a prime number?
False
Is 12599246819 a composite number?
True
Is 7794106423 composite?
True
Is 11359192543 a composite number?
True
Is 1769430661 a composite number?
True
Is 1956970129 prime?
True
Is 752695987 prime?
False
Is 64667704669 prime?
False
Is 47989930349 prime?
True
Is 5478780811 a composite number?
True
Is 3184410101 prime?
False
Is 2166996499 a composite number?
False
Is 3234567409 prime?
False
Is 48665069 prime?
False
Is 52818749959 a prime number?
False
Is 103959320851 a prime number?
True
Is 581911061 composite?
True
Is 2504301797 a prime number?
True
Is 23090012081 prime?
False
Is 39769414 a composite number?
True
Is 15844443583 composite?
True
Is 285008253209 a prime number?
False
Is 23109393355 prime?
False
Is 110855427 composite?
True
Is 20557973921 a prime number?
True
Is 35838947879 prime?
False
Is 381864403 prime?
False
Is 60794022895 composite?
True
Is 165115674509 composite?
False
Is 176700859 composite?
True
Is 6084244403 composite?
False
Is 6050356595 a composite number?
True
Is 2179706273 a prime number?
False
Is 4715092853 prime?
False
Is 1221012619 prime?
False
Is 7701684553 prime?
True
Is 112367327 composite?
True
Is 99317357939 prime?
True
Is 477156011 a prime number?
True
Is 352870645 prime?
False
Is 488721602 prime?
False
Is 614057435 a composite number?
True
Is 2566506463 prime?
True
Is 38214899141 a prime number?
True
Is 65551067 a composite number?
True
Is 1999164751 a composite number?
False
Is 208109743 composite?
False
Is 51803779 a composite number?
True
Is 389720174 a composite number?
True
Is 2060752949 composite?
False
Is 1133177893 composite?
False
Is 143150573 a composite number?
False
Is 251712809 prime?
False
Is 410319479 a prime number?
False
Is 787151009 a prime number?
True
Is 2350859551 a composite number?
True
Is 229801778977 composite?
False
Is 13019302643 composite?
False
Is 204776170369 a prime number?
True
Is 3361830193 a composite number?
True
Is 8405190823 composite?
False
Is 2334738323 composite?
True
Is 816435953 prime?
False
Is 55246879 composite?
True
Is 250977773 a composite number?
False
Is 4859598797 prime?
True
Is 5350554569 a prime number?
True
Is 66005371 a composite number?
False
Is 5627079043 a prime number?
False
Is 713110861 a composite number?
True
Is 81847021481 prime?
False
Is 18141931 prime?
True
Is 4335997891 composite?
True
Is 411250703 a prime number?
True
Is 5240266699 a composite number?
False
Is 6647355931 prime?
False
Is 4506910157 a composite number?
True
Is 3987513899 a prime number?
True
Is 28751225079 prime?
False
Is 1122395119 a composite number?
False
Is 15008336939 composite?
False
Is 274211417 a composite number?
False
Is 2599515673 composite?
True
Is 98730352789 composite?
True
Is 3922736461 prime?
False
Is 626010911 a prime number?
False
Is 13110501889 prime?
True
Is 544796089 a prime number?
True
Is 1041221417 composite?
True
Is 55935620291 a prime number?
False
Is 5315618437 a prime number?
True
Is 247378429 a composite number?
True
Is 401970271 a composite number?
True
Is 2481095459 a prime number?
True
Is 81757001 a prime number?
False
Is 2417403167 a composite number?
True
Is 54692895331 a composite number?
False
Is 29714239 prime?
True
Is 10931529571 a composite number?
True
Is 39056604283 prime?
False
Is 1250664091 composite?
False
Is 389308763 composite?
False
Is 61529502923 a prime number?
False
Is 144321731 composite?
False
Is 42274799033 a prime number?
True
Is 5903639087 a composite number?
True
Is 968622801 prime?
False
Is 1689822269 a prime number?
True
Is 2401687747 prime?
True
Is 1365759133 a composite number?
True
Is 2006180971 a composite number?
False
Is 108896077981 prime?
False
Is 1188437539 a composite number?
False
Is 8075864129 composite?
True
Is 23850171497 a prime number?
True
Is 225840438683 composite?
False
Is 655210109 composite?
True
Is 292654657 prime?
True
Is 2397030551 prime?
False
Is 304536401 a prime number?
False
Is 16912251337 a composite number?
True
Is 4587457969 prime?
False
Is 24985052357 prime?
False
Is 36410333021 a prime number?
False
Is 48588451 a composite number?
False
Is 27616918811 prime?
True
Is 17149566127 a composite number?
False
Is 38957191451 a composite number?
True
Is 74626061 a composite number?
False
Is 20606624407 composite?
False
Is 14032515421 prime?
True
Is 577641429197 composite?
True
Is 7703305 a prime number?
False
Is 1628258897 prime?
False
Is 96606929 a prime number?
True
Is 1431199157 composite?
False
Is 18518967563 composite?
True
Is 92652827287 prime?
False
Is 1058474579 a composite number?
True
Is 310434737 a prime number?
True
Is 15108422507 a prime number?
Tr